 b(l) be the first derivative of 27*l**4/2 + 2*l**3/3 - l**2/2 + l - 2. Is b(o) composite?
False
Let z(v) be the third derivative of -41*v**4/24 + 3*v**3 - 2*v**2 - 22*v. Is z(-19) a composite number?
False
Let d(p) = 538*p**2 - 164*p - 2877. Is d(-20) composite?
True
Let p(f) = -4*f**3 + 4*f**2 + 10*f + 3. Let c(u) = 5*u + 65. Let z be c(-14). Is p(z) composite?
True
Suppose 3*j = -6, -5*j + 7753 = 3*l - 4843. Let d = 45 + l. Is d a prime number?
False
Let h = 38 + -38. Suppose h = j + 2*c - 0*c - 2933, 5*c + 2954 = j. Is j a composite number?
False
Let l = 62 - 60. Is 10 + -6 - l - (-7619 - 0) a composite number?
False
Suppose 496*i + 2263226 = 510*i. Is i a prime number?
True
Let a = 213240 - 93539. Is a composite?
False
Let m(u) = 5787*u**2 + 29*u + 8. Is m(-5) a prime number?
False
Let j = 647 + -451. Suppose -6502 = -198*w + j*w. Is w prime?
True
Let a(m) = 20007*m - 1589. Is a(6) composite?
False
Let o(m) = -47*m**2 + 6*m + 3. Let c be o(5). Let j = 2199 + c. Is (6*(-8)/(-12))/(-2) + j prime?
False
Suppose 534*z - 535*z = -14. Suppose 35297 = -z*x + 91843. Is x composite?
True
Let v = -249 + 240. Is (-8634)/v*((-14)/(-4) - 2) a prime number?
True
Suppose 1 = g - 1. Is ((-1163)/1)/((-2)/(4 - g)) composite?
False
Is (-53897158)/(-294) - 6/9 a composite number?
True
Let s(h) = -185*h - 88. Suppose -8 = -19*z - 141. Is s(z) a prime number?
False
Let m(n) = 633*n + 2. Let i be (7 - 15)*(-1)/2. Let b(o) = -8*o + 35. Let g be b(i). Is m(g) prime?
True
Is (19 - 10)/(-3) + 2912550/3 composite?
False
Suppose 0 = 10*k - 16*k + 21*k - 194115. Is k prime?
True
Let k(b) = 29*b - 12. Suppose -499 = -16*c - 3. Is k(c) prime?
True
Suppose 0 = -2*i - 70*s + 69*s + 209311, 2*s + 104643 = i. Is i composite?
True
Suppose 1212 = -7*j + 8037. Let o = j - 618. Suppose -k + o = f - 1839, -5*f = -5. Is k composite?
True
Suppose -2 = -5*g - 12. Let a be (7 - (g - -6)) + 0. Is (3 - a - -1)*311 a prime number?
True
Let s = -99140 + 208113. Is s a prime number?
False
Suppose p - 38*p + 172020 + 1362259 = 0. Is p a composite number?
False
Let r = 300 + -289. Suppose -18*d + r*d + 47383 = 0. Is d a composite number?
True
Let g = -14102 - -99793. Is g prime?
True
Let k(w) = 438*w**3 - 39*w**2 - 7*w - 35. Is k(6) composite?
True
Suppose 3*q = -3*q - 240. Let c be 84*(-3)/(36/q). Let k = -101 + c. Is k composite?
False
Suppose r = 4*c - 118267, -3*c + 88706 = -4*r + 9*r. Is c a prime number?
True
Let i(b) = -14*b**3 - b**2 - 2*b - 9. Let o = -200 + 198. Is i(o) a composite number?
False
Suppose -3*c - 2695 = 3*v - v, -2*c - 1784 = -5*v. Let r = 750 - -838. Let k = c + r. Is k composite?
False
Suppose u + 4583 = -0*u - 2*z, 2*u + 9170 = -2*z. Let c = u + 7789. Is c composite?
True
Suppose -l - 239677 = -5*g + 89820, -4*g = -5*l - 263606. Is g prime?
True
Suppose 0 = t + 4*p - 342169, 3*p - 311521 = -4*t + 1057129. Is t a composite number?
True
Let d(l) = 1040*l - 619. Is d(10) composite?
False
Let b(z) = 2*z**3 - 234*z**2 + 239*z + 571. Is b(130) a prime number?
True
Let h(b) = 12*b + 1. Let w be h(-1). Let f(o) be the first derivative of o**4/4 + 13*o**3/3 + 13*o**2/2 - 5*o - 5. Is f(w) prime?
False
Suppose -5*m = 4*u - 2506515, 6*u - 11*u - 2506560 = -5*m. Is m a prime number?
False
Is 121412/6*9/6 composite?
True
Let d be 36/(1 + (-1)/4). Let g = d + -40. Suppose -2387 = s - g*s. Is s composite?
True
Let o(a) = 3*a**3 - 2*a**2 + 3*a + 3. Suppose 13*q - 9*q + 8 = 0. Let b be o(q). Is (-33381)/(-21) - (-20)/b composite?
True
Let c(q) = -4*q + 8. Let p be (-1 - (-9 + 9))/((-1)/(-14)). Let n be c(p). Let u = 70 + n. Is u a composite number?
True
Suppose -3*q - 5*m = -43, 0 = -5*q - 6*m + m + 85. Suppose 18*j - q*j + 36 = 0. Is j/54 + (-3830)/36*-2 prime?
False
Is (255693/(-2) + -8)/(6/(-12)) a composite number?
False
Suppose 3*n - 1934 = -b, n - 5*n + 2*b + 2592 = 0. Suppose 0 = -10*k - 954 - 1186. Is 2 - 26/(n/k + 3) composite?
True
Let m = -6 + 15. Let s(c) = c - m*c**3 + 2*c**2 + 0 + 5*c - c + 1. Is s(-4) a prime number?
False
Let q(v) = 12594*v**2 + 344*v - 43. Is q(-6) a prime number?
True
Suppose 4 + 2 = 2*b. Let d = 4156 - 4156. Suppose -5*s + 128 = b*a, 3*a - 140 = s - d*s. Is a composite?
True
Let q be (2/7)/(61/21350). Is (-43569)/(-75) + 8/q prime?
False
Suppose -4*g + 46477 = -3*n - 1056741, -5*g = 5*n - 1379005. Is g prime?
False
Let v = 167069 + -39588. Is v composite?
False
Suppose 2*n + 9*n - 1016018 = 9*n. Is n composite?
False
Let h(r) be the first derivative of r**3/3 + 4*r**2 + 10*r - 14. Let w be h(-7). Is (-2)/(12/(-291))*(w - 1) a prime number?
True
Let d = -32421 + 56618. Is d prime?
True
Suppose 222*v - 222973282 = -15*v - 56642179. Is v composite?
False
Let s(z) = -178*z**3 - z**2 + 8*z + 11. Let n(u) = 89*u**3 - 4*u - 6. Let b(g) = -7*n(g) - 3*s(g). Is b(-4) a prime number?
True
Let l = -2430 + 3414. Let v(p) = 16*p**3 - 2*p**2 - 3*p - 4. Let b be v(3). Let z = l - b. Is z composite?
True
Let h(o) = 2*o**3 - 2*o**2 - 19*o + 163. Is h(8) composite?
False
Suppose 198*b = 5875829 + 1751319 + 674794. Is b composite?
True
Suppose -46*o - 729 = -39. Is 5/(-15)*o + 528 a composite number?
True
Let l(s) = s**3 - 3*s**2 - 11*s + 7. Let q be l(5). Let j(a) = 3196*a + 19. Is j(q) a prime number?
False
Suppose -2*r + 106231 - 15522 = -3*k, 4*r - k - 181393 = 0. Is r a composite number?
True
Let o be 2/6 - (-3330540)/135. Let g = o - 16870. Is g prime?
False
Suppose 183 = 4*y - h - 172, -5*y = -3*h - 442. Let b = 94 - y. Is (-5)/b*-521*1 a composite number?
False
Suppose 0 = 13*o - 1168 + 362. Let b = -55 + o. Suppose -b*g + 1283 = -6*g. Is g prime?
True
Suppose 99 + 81 = -d + 4*o, -3*o = 2*d + 349. Let h = 243 + d. Is h a prime number?
True
Is (-3137)/(-1)*(-1 + 114/3)/1 a composite number?
True
Suppose -3*i - 5*w + 76715 = 0, -12512 = -2*i - 4*w + 38630. Suppose 95187 = 18*y - i. Is y prime?
True
Suppose -t = 3*x - 11363, 6*x - t - 7577 = 4*x. Let u = -1921 + x. Is u composite?
False
Suppose 0 = -33*c - 42*c - 59*c + 1772686. Is c a prime number?
True
Let c = -15337 - -28916. Is c a prime number?
False
Suppose -26*m = -8*m - 2138202. Is m composite?
True
Let s = -178113 + 436670. Is s a prime number?
False
Let l be (-20704)/80*20/(-2). Let d = l - 1425. Is d composite?
False
Suppose -2*a + 78 = 48. Let r be (1 + -10)*(a + -17). Suppose -14*p - 5316 = -r*p. Is p composite?
True
Let j(s) be the third derivative of -s**6/60 - s**5/12 - 5*s**4/4 + 17*s**3/6 - 2*s**2 - 9. Is j(-6) a composite number?
False
Let b = 284403 + -90050. Is b a composite number?
False
Suppose -4*q - k + 334819 = 0, -331919 = -4*q - 3*k + 2898. Is q a prime number?
False
Let u(j) = 50 + 2*j**2 - 6*j - 72 + 16*j**2 - 8*j. Let q be u(-15). Suppose -q = -2*z - 11*z. Is z a composite number?
True
Suppose 2*i = 3*x + 14, 3*x + 2 = i - 2*i. Suppose 0 = i*o - 461 - 167. Is o prime?
True
Is 7 + 1*(4 + 0 - -112212) a prime number?
True
Suppose 2*c + 44 = 26. Is 337476/27 + 1/c a composite number?
True
Let g(h) = 6*h**3 + 4*h**2 - 3*h + 10. Let y be g(-7). Let m = y - -4614. Let p = m + -1966. Is p a composite number?
True
Let u(b) = 13*b + 50. Let m be u(-4). Is (-3578)/(-18) + m/(-9) prime?
True
Suppose 12*s - 14081 - 41705 - 36818 = 0. Is s prime?
True
Suppose 6*k + 30520 = 10*k. Let t = k + -4593. Is t composite?
False
Let y = 57683 + 10274. Is y a composite number?
False
Let i = -985 + 1861. Suppose 7*a - 4*l = 3*a + i, 4*a = l + 876. Is a composite?
True
Suppose 5*w - 3 = 7. Is 15578/w + 2/(-1) composite?
True
Suppose -144*t = -148*t + 389030 + 487854. Is t prime?
False
Suppose -42585*k + 1729752 = -42577*k. Is k prime?
False
Let k(n) = -n**3 - 5*n**2 + n + 8. Let q be (-14 + -1)*2/(-12)*-2. Let u be k(q). Suppose -271 = -u*s + 848. Is s composite?
False
Suppose -2*b + 282 + 1560 = 0. Let i = -1845 + b. Let v = -431 - i. Is v a prime number?
False
Let s = 704570 - 256051. Is s prime?
True
Suppose 0 = 37*c - 9*c - 3701348. Is c a prime number?
False
Let h(q) = -q**3 - 10*q**2 - 9*q + 8. Let k be h(-9). Let n be ((-2)/4)/(k/(-80)). Suppose 0 = 9*c - n*c - 1688. Is c a prime number?
False
Let p = 33794 - 8697. Is p composite?
False
Suppose 2*b - 5*k - 969422 = 0, 2*b + 3*b - k = 2423463. Is b composite?
False
Let c(h) = -45001*h**3 - 10*h**2 - 3*h + 8. Is c(-1) composite?
True
Suppose 294